1727. What are the prime factors of k?
2, 479
Let t be (6/4)/(3*7/(-20356)). Let i = -529 - t. List the prime factors of i.
5, 37
Let o = 33 - 20. Let n = o + 5. List the prime factors of (-3)/n*(-2)/1*69.
23
Suppose -5*b = 15, 4 = 2*g - 3*b - 9. Suppose -2*c = 2*r - 4, -4*r + 10 = -c + g. What are the prime factors of (c - 5)*6/(-6)?
5
Let k(f) = -f**2 - 2*f + 3. Let d be k(-10). Suppose 2*m = y + 185, m - 914 + 34 = 5*y. Let c = d - y. What are the prime factors of c?
2, 7
Suppose 2*f = 4*z + 60, 5*z - 2 = -3*f + 2*f. Let x = 24 - f. Suppose 0 = -k - 0*k + 5*q + 99, 0 = -x*q - 8. List the prime factors of k.
79
Let f be 8/(-10) + 777/15. Let p = -26 + f. What are the prime factors of -5 + 7 + 0/(-2) + p?
3
Let j = -22 + -24. Let p = j + 42. List the prime factors of (-166)/p*(4 + -2).
83
Suppose 5*v - 3*q = 37, v + 0*q + 5*q - 13 = 0. Suppose 50*c = 51*c - v. List the prime factors of (c/(-10))/((-12)/510).
2, 17
Let f = 4136 - 2757. Let q = 2331 - f. List the prime factors of q.
2, 7, 17
Let g = -402 - -404. Suppose 7*t - 4705 = g*t. What are the prime factors of t?
941
Suppose 5482 = 3*b - n - 23091, n + 38097 = 4*b. List the prime factors of b.
2, 2381
Let d = 440 - -1171. Suppose -4*l + d = -1017. What are the prime factors of l?
3, 73
Let x(k) = -9*k - 29. Let o(t) = 4*t**3 + 2*t**2 - 1. Let z be o(1). Suppose 85 = -z*g - 3*n + 10, -g - 32 = 4*n. What are the prime factors of x(g)?
79
Let x = 21816 - 14919. List the prime factors of x.
3, 11, 19
What are the prime factors of (-44498)/57*((-67)/2 - 1)?
23, 1171
Let o = -39 + 41. Let f be (-12038)/(-143) + (-2)/11. What are the prime factors of (-8)/(-3 + 7) + o + f?
2, 3, 7
What are the prime factors of ((-111720)/(-1225))/((-2)/(-40))?
2, 3, 19
Suppose 0 = -3*t + 4*a + 6386, 0 = -3*t - 10*a + 15*a + 6391. List the prime factors of t.
2, 1061
Let y(g) = -2*g + 10. Let u be y(13). Let d(m) = -6*m - 39. Let f be d(u). What are the prime factors of (f/12 + -4)*108?
3
Suppose 69*p - 119297 - 448987 = 0. What are the prime factors of p?
2, 29, 71
Let t = 37287 + -8546. List the prime factors of t.
41, 701
Suppose 0 = -5*x - 2*t + 30212, -11*x + 16*x + 5*t = 30215. Suppose -3*k + x = 16*k. What are the prime factors of k?
2, 3, 53
Let i be 4/(-6) - 5/((-30)/(-1628)). Let c = i + 330. What are the prime factors of c?
2, 29
Let k(m) = 3*m**2 - 18*m - 643. What are the prime factors of k(-34)?
7, 491
Let t(k) be the second derivative of k**4/12 + 3*k**3 - 101*k**2/2 + 109*k. List the prime factors of t(26).
7, 149
What are the prime factors of -3 + 25 + -9 - -21338?
3, 11, 647
Let r(p) = -19*p**2 - 4*p - 10. Let f be r(-6). What are the prime factors of f/(85/(-204) + 1/(-4))?
3, 5, 67
List the prime factors of ((-132)/30)/(20/(-63100)).
2, 11, 631
Let u = 22 - 15. Suppose u*j = 13*j - 126. List the prime factors of (940/(-35))/((-6)/j).
2, 47
Suppose -3*r - 2*x - 172 - 1187 = 0, 458 = -r + x. Let s = -380 - r. List the prime factors of s.
3, 5
Let s = 14555 + -7758. List the prime factors of s.
7, 971
Suppose 42*h + 5*n + 85199 = 45*h, -2*n - 141992 = -5*h. List the prime factors of h.
2, 3, 4733
Suppose h - 175 = -5*l - 2*h, -5*h = -2*l + 39. Suppose -24 = 4*p - l. What are the prime factors of (7/2 - p)/((-21)/(-2380))?
2, 5, 17
Let a(t) = t**2 - 7*t + 44. Let c be a(5). Suppose -3*z = c*z - 53650. What are the prime factors of z?
2, 5, 29
Suppose 14625 = 4*h + c - 18713, c - 6 = 0. List the prime factors of h.
13, 641
Suppose 5*i - 27495 = -m, 245*i - 250*i + m = -27495. List the prime factors of i.
3, 13, 47
Suppose -112*o = -142*o - 20954 + 107774. List the prime factors of o.
2, 1447
Suppose u = 4*u - 15. Let l be (-3)/5 - (-13)/u. Suppose 4 = l*x + 4*v, -3*x = -6*x - 4*v + 14. List the prime factors of x.
2, 5
Suppose 0 = 24*g + 6946 - 51178. Suppose 0 = 9*h - 28*h + g. What are the prime factors of h?
97
Suppose 141 - 34339 = -16*x + 74. List the prime factors of x.
2, 3, 7, 17
Suppose 7*m = 141 - 141. Suppose m = -p + 320 + 594. What are the prime factors of p?
2, 457
Let n be (-5351)/((-1)/(-2)*(18 + -20)). Suppose n = 6*i - 115. What are the prime factors of i?
911
Let g = -65 - -91. Let j = -23 + g. Let u(o) = 7*o**2 + 2*o - 8. What are the prime factors of u(j)?
61
Let v(q) = q**3 + 8 - 13 - 13*q**2 - 8*q + 13. List the prime factors of v(15).
2, 13
Let d(g) = 43 - 21 - g**2 + 2*g - 17. Let z be d(-5). Let i = 136 + z. List the prime factors of i.
2, 53
Let g be (-1 - -25)*(-12 - -25). Suppose 0 = -15*q + 9*q + g. Suppose 277 = 3*b + q. What are the prime factors of b?
3, 5
Let v = 305 + 779. List the prime factors of v.
2, 271
Let z be 1*-4 - (39 + -37). What are the prime factors of (-1 + (-278)/z)/((-1)/(-12))?
2, 17
Let l be 368 - (-6 + -2)*(-3)/6. Suppose o = -5*z + 1081, 3*o - 4*z - 2898 = l. What are the prime factors of o?
2, 3, 181
Let h(q) = 19*q**2 - q - 5. Let i(u) = 58*u**2 - 4*u - 17. Let x(s) = 7*h(s) - 2*i(s). List the prime factors of x(-3).
149
Let t(n) = 6*n + 6. Let k be (-38)/(-6) + 0 + 16/(-48). Suppose -79*i + k = -76*i. What are the prime factors of t(i)?
2, 3
Let r(j) = -2561*j + 324. What are the prime factors of r(-2)?
2, 7, 389
Let w = -68 - -67. Let u be (18/(-3))/(1 - (-1 - w)). List the prime factors of u/21 - (-4656)/28.
2, 83
Let j(l) = -l**2 - 2*l. Let x(m) = -21*m**2 - 15*m + 19. Let q(v) = 2*j(v) - x(v). List the prime factors of q(-6).
599
Suppose -43823 = -6*i + 48607. List the prime factors of i.
3, 5, 13, 79
Let a = 4650 - -10708. What are the prime factors of a?
2, 7, 1097
Let b(k) = 4*k**2 - k - 2. Let m be b(-1). Let l(i) = -3*i + 6. Let g be l(m). What are the prime factors of g/(-9) - (-560)/12?
47
Let y = 73 + 1570. List the prime factors of y.
31, 53
Let z(j) = -3*j**2 + 2. Let i(s) = 8*s**2 - s - 5. Let g(w) = 4*i(w) + 11*z(w). Let p be g(5). What are the prime factors of -4 + (4 + -2 - p)?
41
Let y = 250 - 248. Suppose -4*r + 9*r + y*d - 1136 = 0, 2*r = -4*d + 448. List the prime factors of r.
2, 3, 19
Let d(c) = 2*c - 5. Let w(v) = 17*v - 24*v - 9 + 11*v. Let i(b) = 10*d(b) - 4*w(b). List the prime factors of i(13).
2, 19
Let s(w) = -4*w**2 + 110*w - 9. Let k be s(8). Let u = k - 458. What are the prime factors of u?
157
Let i be (-2)/(-7) - (-492626)/119. Suppose i = -18*a + 24*a. What are the prime factors of a?
2, 3, 5, 23
Let p = 538 - 416. Suppose 4*a + j - 675 = 6*j, -5*a - 3*j = -890. Let q = a - p. List the prime factors of q.
53
Let a = 5 + -13. Let i(g) = 2*g + 3. Let s be i(a). Let x(r) = -5*r + 23. What are the prime factors of x(s)?
2, 11
Suppose 2*t + 3*q - 1005 = 0, -3*t - 1010 = -5*t - 2*q. Suppose 0 = 2*v - 4*o - t, -4*o - 411 = -3*v + 360. What are the prime factors of v?
3, 29
What are the prime factors of (-12)/(-18) + 304/(-24) + 7 + 1867?
2, 7, 19
Let g be (388/8)/((-5)/(-30)). Suppose -316 = -3*h - h + 4*b, 4*h = -b + g. List the prime factors of h.
2, 37
Suppose 3*s - p - 24974 = 0, -30*p + 8318 = s - 27*p. What are the prime factors of s?
2, 2081
Let o(c) = -4*c**2 - 51*c - 25. Let a be o(-12). What are the prime factors of ((-587)/3)/(a/(-33))?
587
Let l = -364 + 308. List the prime factors of (148/16)/((-14)/l).
37
Let d = -8 - -5. Let r be d/(6*(-5)/20). Suppose a = r*v + 86, 0 = -3*v - v. What are the prime factors of a?
2, 43
List the prime factors of 981/(-6)*(472/(-12) + -8).
71, 109
Suppose -4*v + 3 = -337. Suppose 28*g - 33*g - v = 0. Let a(y) = y**2 + 6*y + 25. List the prime factors of a(g).
2, 53
List the prime factors of 1/(-2) + 16530/12.
3, 17
Let u = 44531 + -29716. What are the prime factors of u?
5, 2963
Suppose 3*l = d - l - 40, -2*d = 2*l - 70. What are the prime factors of 884 + (-73)/12 + 3/d?
2, 439
Suppose -h = -7*h + 18. Suppose 0 = -h*c - 95 - 25. What are the prime factors of 5/((-5)/3) - c?
37
Suppose -5*v = 4*l - 1504, 376 = l + 5*v - 3*v. Let r = 217 + l. List the prime factors of r.
593
Let k(d) = d**3 - 24*d**2 - 23*d - 30. Suppose 6*u + 675 = 33*u. What are the prime factors of k(u)?
2, 5
Suppose 0 = 2*n + 4*l + 7 + 5, -19 = -n + 3*l. Suppose 2*d - 5*d = -4*o + 82, 3*o - 114 = n*d. Let z = d + 50. What are the prime factors of z?
2, 5
Suppose 0 = -g - 5*l + 70425, 3*g + 45*l - 211311 = 42*l. What are the prime factors of g?
2, 3, 5, 587
Let r(q) = -213*q + 22. Let w(p) = 